{"id":111,"date":"2018-12-15T09:40:58","date_gmt":"2018-12-15T08:40:58","guid":{"rendered":"https:\/\/happynote.com\/musique\/?page_id=111"},"modified":"2025-10-09T22:26:03","modified_gmt":"2025-10-09T20:26:03","slug":"croche-noire-blanche-ronde","status":"publish","type":"page","link":"https:\/\/happynote.com\/musique\/apprendre-le-solfege\/croche-noire-blanche-ronde\/","title":{"rendered":"Valeur (dur\u00e9e) des notes de musique : ronde, blanche, noire, croche&#8230;"},"content":{"rendered":"<p>La forme &#8211; ou figure &#8211; d&rsquo;une <a href=\"https:\/\/happynote.com\/musique\/nom-notes-musique-do-re-mi-fa-sol-la-si\/\">note de musique<\/a> fixe sa valeur (sa dur\u00e9e) et la combinaison des diff\u00e9rentes dur\u00e9es forme le rythme musical (\u00e0 ne pas confondre avec le tempo ou mouvement).<\/p>\n<div id=\"ez-toc-container\" class=\"ez-toc-v2_0_82_2 counter-hierarchy ez-toc-counter ez-toc-custom ez-toc-container-direction\">\n<p class=\"ez-toc-title\" style=\"cursor:inherit\">AFFICHER\/MASQUER LE SOMMAIRE<\/p>\n<label for=\"ez-toc-cssicon-toggle-item-69de59165db14\" class=\"ez-toc-cssicon-toggle-label\"><span class=\"\"><span class=\"eztoc-hide\" style=\"display:none;\">Toggle<\/span><span class=\"ez-toc-icon-toggle-span\"><svg style=\"fill: #999;color:#999\" xmlns=\"http:\/\/www.w3.org\/2000\/svg\" class=\"list-377408\" width=\"20px\" height=\"20px\" viewBox=\"0 0 24 24\" fill=\"none\"><path d=\"M6 6H4v2h2V6zm14 0H8v2h12V6zM4 11h2v2H4v-2zm16 0H8v2h12v-2zM4 16h2v2H4v-2zm16 0H8v2h12v-2z\" fill=\"currentColor\"><\/path><\/svg><svg style=\"fill: #999;color:#999\" class=\"arrow-unsorted-368013\" xmlns=\"http:\/\/www.w3.org\/2000\/svg\" width=\"10px\" height=\"10px\" viewBox=\"0 0 24 24\" version=\"1.2\" baseProfile=\"tiny\"><path d=\"M18.2 9.3l-6.2-6.3-6.2 6.3c-.2.2-.3.4-.3.7s.1.5.3.7c.2.2.4.3.7.3h11c.3 0 .5-.1.7-.3.2-.2.3-.5.3-.7s-.1-.5-.3-.7zM5.8 14.7l6.2 6.3 6.2-6.3c.2-.2.3-.5.3-.7s-.1-.5-.3-.7c-.2-.2-.4-.3-.7-.3h-11c-.3 0-.5.1-.7.3-.2.2-.3.5-.3.7s.1.5.3.7z\"\/><\/svg><\/span><\/span><\/label><input type=\"checkbox\"  id=\"ez-toc-cssicon-toggle-item-69de59165db14\" checked aria-label=\"Toggle\" \/><nav><ul class='ez-toc-list ez-toc-list-level-1 ' ><li class='ez-toc-page-1 ez-toc-heading-level-2'><a class=\"ez-toc-link ez-toc-heading-1\" href=\"https:\/\/happynote.com\/musique\/apprendre-le-solfege\/croche-noire-blanche-ronde\/#Valeur_des_7_figures_de_note\" >Valeur des 7 figures de note<\/a><\/li><li class='ez-toc-page-1 ez-toc-heading-level-2'><a class=\"ez-toc-link ez-toc-heading-2\" href=\"https:\/\/happynote.com\/musique\/apprendre-le-solfege\/croche-noire-blanche-ronde\/#Autres_figures_de_notes_representant_des_durees_tres_peu_utilisees\" >Autres figures de notes repr\u00e9sentant des dur\u00e9es tr\u00e8s peu utilis\u00e9es<\/a><\/li><li class='ez-toc-page-1 ez-toc-heading-level-2'><a class=\"ez-toc-link ez-toc-heading-3\" href=\"https:\/\/happynote.com\/musique\/apprendre-le-solfege\/croche-noire-blanche-ronde\/#Les_equivalences_rythmiques_entre_les_differentes_valeurs_des_figures_des_notes\" >Les \u00e9quivalences rythmiques entre les diff\u00e9rentes valeurs des figures des notes<\/a><\/li><li class='ez-toc-page-1 ez-toc-heading-level-2'><a class=\"ez-toc-link ez-toc-heading-4\" href=\"https:\/\/happynote.com\/musique\/apprendre-le-solfege\/croche-noire-blanche-ronde\/#Les_valeurs_pointees\" >Les valeurs point\u00e9es<\/a><\/li><li class='ez-toc-page-1 ez-toc-heading-level-2'><a class=\"ez-toc-link ez-toc-heading-5\" href=\"https:\/\/happynote.com\/musique\/apprendre-le-solfege\/croche-noire-blanche-ronde\/#La_liaison_de_prolongation_de_deux_notes_identiques\" >La liaison de prolongation de deux notes identiques<\/a><\/li><li class='ez-toc-page-1 ez-toc-heading-level-2'><a class=\"ez-toc-link ez-toc-heading-6\" href=\"https:\/\/happynote.com\/musique\/apprendre-le-solfege\/croche-noire-blanche-ronde\/#Le_triolet_de_notes\" >Le triolet de notes<\/a><\/li><li class='ez-toc-page-1 ez-toc-heading-level-2'><a class=\"ez-toc-link ez-toc-heading-7\" href=\"https:\/\/happynote.com\/musique\/apprendre-le-solfege\/croche-noire-blanche-ronde\/#Notions_de_solfege_associees_a_la_duree_des_notes\" >Notions de solf\u00e8ge associ\u00e9es \u00e0 la dur\u00e9e des notes<\/a><ul class='ez-toc-list-level-3' ><li class='ez-toc-heading-level-3'><a class=\"ez-toc-link ez-toc-heading-8\" href=\"https:\/\/happynote.com\/musique\/apprendre-le-solfege\/croche-noire-blanche-ronde\/#Valeur_des_notes_et_signature_rythmique\" >Valeur des notes et signature rythmique<\/a><\/li><li class='ez-toc-page-1 ez-toc-heading-level-3'><a class=\"ez-toc-link ez-toc-heading-9\" href=\"https:\/\/happynote.com\/musique\/apprendre-le-solfege\/croche-noire-blanche-ronde\/#Rythme_tempo_et_metronome\" >Rythme, tempo et m\u00e9tronome<\/a><\/li><\/ul><\/li><li class='ez-toc-page-1 ez-toc-heading-level-2'><a class=\"ez-toc-link ez-toc-heading-10\" href=\"https:\/\/happynote.com\/musique\/apprendre-le-solfege\/croche-noire-blanche-ronde\/#Musique_et_Rythme_dans_lEspace\" >Musique et Rythme dans l&rsquo;Espace<\/a><\/li><\/ul><\/nav><\/div>\n<h2><span class=\"ez-toc-section\" id=\"Valeur_des_7_figures_de_note\"><\/span>Valeur des 7 figures de note<span class=\"ez-toc-section-end\"><\/span><\/h2>\n<p>Pour exprimer la dur\u00e9e en musique, il existe sept principales formes ou figures de note (et <a href=\"https:\/\/happynote.com\/musique\/silence-musique-pause-soupir\/\">7 silences musicaux<\/a> de m\u00eame dur\u00e9e)\u00a0: la Ronde, la Blanche, la Noire, la Croche, la Double croche, la Triple croche, la Quadruple croche.<\/p>\n<figure id=\"attachment_116\" aria-describedby=\"caption-attachment-116\" style=\"width: 191px\" class=\"wp-caption aligncenter\"><img loading=\"lazy\" decoding=\"async\" class=\"wp-image-116 size-full\" src=\"https:\/\/happynote.com\/musique\/wp-content\/uploads\/2018\/12\/figures_de_notes_191X484.gif\" alt=\"Les diff\u00e9rentes figures de note: la ronde, la blanche, la noire, la croche, la double croche, la triple croche, la quadruple croche.\" width=\"191\" height=\"484\" \/><figcaption id=\"caption-attachment-116\" class=\"wp-caption-text\">Les 7 diff\u00e9rentes figures de note: ronde, blanche, noire, croche&#8230;<\/figcaption><\/figure>\n<p>Le d\u00e9but de la <em>sonate No. 3<\/em> pour <a href=\"https:\/\/happynote.com\/musique\/acheter-un-piano-acoustique-ou-numerique\/\">piano<\/a> de Beethoven utilise la ronde, la blanche, la noire, la croche, la double croche, le triolet de croches (voir plus bas). Notez que les double croches qui se suivent sont affich\u00e9es en les liant entre elles avec deux barres horizontales, les croches avec une barre horizontale (les triple croches utiliseraient trois barres, les quadruples, quatre) :<\/p>\n<div style=\"text-align: center;\"><iframe loading=\"lazy\" src=\"https:\/\/www.youtube-nocookie.com\/embed\/3asWeutbY0c\" width=\"728\" height=\"435\" frameborder=\"0\" allowfullscreen=\"allowfullscreen\"><span data-mce-type=\"bookmark\" style=\"display: inline-block; width: 0px; overflow: hidden; line-height: 0;\" class=\"mce_SELRES_start\">\ufeff<\/span><\/iframe><\/div>\n<h2><span class=\"ez-toc-section\" id=\"Autres_figures_de_notes_representant_des_durees_tres_peu_utilisees\"><\/span>Autres figures de notes repr\u00e9sentant des dur\u00e9es tr\u00e8s peu utilis\u00e9es<span class=\"ez-toc-section-end\"><\/span><\/h2>\n<p>Tr\u00e8s peu utilis\u00e9e depuis le XVII\u00e8me si\u00e8cle, <a href=\"https:\/\/fr.wikipedia.org\/wiki\/Carr%C3%A9e\" target=\"_blank\" rel=\"noopener noreferrer\">la carr\u00e9e<\/a> est la figure de note dont la dur\u00e9e vaut le double de la ronde.<\/p>\n<p>Certains compositeurs de musique contemporaine utilisent la quintuple croche, voir la sextuple croche.<\/p>\n<h2><span class=\"ez-toc-section\" id=\"Les_equivalences_rythmiques_entre_les_differentes_valeurs_des_figures_des_notes\"><\/span>Les \u00e9quivalences rythmiques entre les diff\u00e9rentes valeurs des figures des notes<span class=\"ez-toc-section-end\"><\/span><\/h2>\n<p>La dur\u00e9e de chaque figure de note vaut toujours le double de celle qui la suit :<\/p>\n<ul>\n<li>1 ronde = 2 blanches<\/li>\n<li>1 blanche = 2 noires<\/li>\n<li>1 noire = 2 croches<\/li>\n<li>1 croche = 2 double croches<\/li>\n<li>1 double croche = 2 triple croches<\/li>\n<li>1 triple croche = 2 quadruple croches<\/li>\n<\/ul>\n<figure id=\"attachment_117\" aria-describedby=\"caption-attachment-117\" style=\"width: 237px\" class=\"wp-caption aligncenter\"><img loading=\"lazy\" decoding=\"async\" class=\"wp-image-117 size-full\" src=\"https:\/\/happynote.com\/musique\/wp-content\/uploads\/2018\/12\/valeur_des_notes.gif\" alt=\"Repr\u00e9sentation graphique des \u00e9quivalences des dur\u00e9es musicales : 1 ronde = 2 blanches, 1 blanche = 2 noires, 1 noire = 2 croches...\" width=\"237\" height=\"463\" \/><figcaption id=\"caption-attachment-117\" class=\"wp-caption-text\">La ronde vaut 2 blanches, la blanche 2 noires, la noire 2 croches, la croche 2 double croches&#8230;<\/figcaption><\/figure>\n<p>Donc:<\/p>\n<ul>\n<li>Une ronde = 2 blanches, 4 noires, 8 croches, 16 double croches, 32 triple croche, 64 quadruple croches.<\/li>\n<li>Une blanche = 2 noires, 4 croches, 8 double croches, 16 triple croches, 32 quadruple croches.<\/li>\n<li>Une noire = 2 croches, 4 double croches, 8 triple croches, 16 quadruple croches.<\/li>\n<li>Une croche = 2 double croches, 4 triple croches, 8 quadruple croches.<\/li>\n<li>Une double croche = 2 triple croche, 4 quadruple croche<\/li>\n<li>Une triple croche = 2 quadruple croche<\/li>\n<\/ul>\n<h2><span class=\"ez-toc-section\" id=\"Les_valeurs_pointees\"><\/span>Les valeurs point\u00e9es<span class=\"ez-toc-section-end\"><\/span><\/h2>\n<p>Le point plac\u00e9 derri\u00e8re une note augmente la dur\u00e9e de cette note de la moiti\u00e9 de sa valeur.<\/p>\n<p>Par exemple, puisque 1 blanche = 2 noires, la moiti\u00e9 d&rsquo;une blanche = 1 noire. Donc, 1 blanche point\u00e9e durera le temps de 2 noires + 1 noire = 3 noires. Ou bien, puisque 1 croche = 2 double croches, 1 croche point\u00e9e = 3 double croches.<\/p>\n<p>La valeur des notes point\u00e9es pour chaque figure de note est donc :<\/p>\n<ul>\n<li>1 ronde point\u00e9e = 3 blanches<\/li>\n<li>1 blanche point\u00e9e = 3 noires<\/li>\n<li>1 noire point\u00e9e = 3 croches<\/li>\n<li>1 croche point\u00e9e = 3 double croches<\/li>\n<li>1 double croche point\u00e9e = 3 triple croches<\/li>\n<li>1 triple croche point\u00e9e = 3 quadruple croches<\/li>\n<\/ul>\n<figure id=\"attachment_118\" aria-describedby=\"caption-attachment-118\" style=\"width: 279px\" class=\"wp-caption aligncenter\"><img loading=\"lazy\" decoding=\"async\" class=\"wp-image-118 size-full\" src=\"https:\/\/happynote.com\/musique\/wp-content\/uploads\/2018\/12\/valeur-notes-pointees.gif\" alt=\"Une ronde point\u00e9e = 3 blanches, une blanche point\u00e9e = 3 noires, une noire point\u00e9e = 3 croches...\" width=\"279\" height=\"462\" \/><figcaption id=\"caption-attachment-118\" class=\"wp-caption-text\">La ronde point\u00e9e vaut 3 blanches, la blanche point\u00e9e 3 noires, la noire point\u00e9e 3 croches&#8230;<\/figcaption><\/figure>\n<p>Le couple \u00ab\u00a0croche point\u00e9e-double croche\u00a0\u00bb est employ\u00e9 extr\u00eamement fr\u00e9quemment en musique. La onzi\u00e8me pi\u00e8ce du <em>Carnaval<\/em> de Schumann, <em>Chiarina<\/em>, en est un exemple parfait :<\/p>\n<div class=\"youtube-video\" style=\"text-align: center;\"><iframe loading=\"lazy\" title=\"YouTube video player\" src=\"https:\/\/www.youtube-nocookie.com\/embed\/Oz_lF3lcf2k?si=64aqq1tNu2CAwsia\" width=\"560\" height=\"315\" frameborder=\"0\" allowfullscreen=\"allowfullscreen\"><\/iframe><\/div>\n<p class=\"wp-caption-text\" style=\"font-size: 90%; margin: 3px;\">La partition de <em>Chiarina<\/em> utilise la noire, la blanche, la croche point\u00e9e, la double croche. De plus, les noires sont li\u00e9es aux croches point\u00e9es, de sorte que celles-ci sont tenues mais pas rejou\u00e9es (liaison de prolongation).<\/p>\n<p>&nbsp;<\/p>\n<h2><span class=\"ez-toc-section\" id=\"La_liaison_de_prolongation_de_deux_notes_identiques\"><\/span>La liaison de prolongation de deux notes identiques<span class=\"ez-toc-section-end\"><\/span><\/h2>\n<p>Lorsque deux notes de m\u00eame nom et de m\u00eame hauteur sont li\u00e9es, la seconde note doit \u00eatre tenue, mais pas rejou\u00e9e, ce qui permet donc de <strong>cr\u00e9er autant de figures et de dur\u00e9es de notes que le compositeur le d\u00e9sire<\/strong>.<\/p>\n<p>Ainsi, dans <em>Chiarina<\/em> ci-dessus, les noires de la m\u00e9lodie \u00e0 la main droite sont li\u00e9es aux croches point\u00e9es qui les suivent et donc sont tenues mais ne sont pas rejou\u00e9es.<\/p>\n<h2><span class=\"ez-toc-section\" id=\"Le_triolet_de_notes\"><\/span>Le triolet de notes<span class=\"ez-toc-section-end\"><\/span><\/h2>\n<p>Le rapport normal des diff\u00e9rentes figures de note entre elle est strictement binaire. A l&rsquo;inverse, <strong>le triolet est la division ternaire d&rsquo;une figure de notes <\/strong>: dans ce cas, chaque figure de note ne vaut plus le double de celle qui la suit, <strong>mais le triple<\/strong>.<\/p>\n<p>Ainsi, un triolet de blanches est \u00e9quivalent \u00e0 une ronde, un triolet de noires est \u00e9quivalant \u00e0 une blanche, etc.<\/p>\n<p>Le triolet est indiqu\u00e9 par le <strong>chiffre 3<\/strong> plac\u00e9 au-dessus ou au-dessous du groupe de trois notes.<\/p>\n<p>Le c\u00e9l\u00e8bre Adagio de la sonate N\u00b0 14 de Beethoven, dite \u00ab <em>Au Clair de Lune<\/em> \u00bb, utilise le triolets de croches de la premi\u00e8re \u00e0 la derni\u00e8re mesure. C&rsquo;est la raison pour laquelle le chiffre 3 qui indique un triolet n&rsquo;est ici pr\u00e9sent que dans la premi\u00e8re mesure du morceau, puis omis dans les mesures suivantes (il devrait en r\u00e9alit\u00e9 \u00eatre pr\u00e9sent au-dessus de chaque groupe de trois croches ) :<\/p>\n<div class=\"youtube-video\" style=\"text-align: center;\"><iframe loading=\"lazy\" title=\"YouTube video player\" src=\"https:\/\/www.youtube-nocookie.com\/embed\/1aH8Rf6ULzU?si=fhE0WOg0sCaO77F2\" width=\"560\" height=\"315\" frameborder=\"0\" allowfullscreen=\"allowfullscreen\"><\/iframe><\/div>\n<p class=\"wp-caption-text\" style=\"font-size: 90%; margin: 3px;\">Le chiffre 3 au-dessus des groupes de trois croches indique un triolet.<\/p>\n<p>&nbsp;<\/p>\n<div>En dehors du triolet de croches, les valeurs de note utilis\u00e9es dans le chef d&rsquo;oeuvre de Beethoven sont la ronde, la blanche, la noire, la croche point\u00e9e et la double croche.<\/div>\n<h2><span class=\"ez-toc-section\" id=\"Notions_de_solfege_associees_a_la_duree_des_notes\"><\/span>Notions de solf\u00e8ge associ\u00e9es \u00e0 la dur\u00e9e des notes<span class=\"ez-toc-section-end\"><\/span><\/h2>\n<h3><span class=\"ez-toc-section\" id=\"Valeur_des_notes_et_signature_rythmique\"><\/span>Valeur des notes et signature rythmique<span class=\"ez-toc-section-end\"><\/span><\/h3>\n<p>Alors que l\u2019organisation des diff\u00e9rentes valeurs de notes constitue la base du rythme, la signature rythmique (le groupe de deux chiffres superpos\u00e9s au d\u00e9but de la partition, sur la premi\u00e8re port\u00e9e) indique combien de temps compte chaque mesure et quelle valeur de note repr\u00e9sente un temps.<\/p>\n<p>Comprendre la relation entre les valeurs de notes et la mesure permet aux musiciens de lire et d\u2019interpr\u00e9ter la musique avec une pr\u00e9cision rythmique.<\/p>\n<h3><span class=\"ez-toc-section\" id=\"Rythme_tempo_et_metronome\"><\/span>Rythme, tempo et m\u00e9tronome<span class=\"ez-toc-section-end\"><\/span><\/h3>\n<p>Si le rythme est cr\u00e9\u00e9 par la succession des figures de note (ronde, blanche, noire, croche&#8230;), c&rsquo;est bien le tempo qui en d\u00e9termine la vitesse. Bien que ces deux notions soient distinctes, <strong>le rythme et le tempo (fix\u00e9 par le m\u00e9tronome)<\/strong> sont indissociables pour interpr\u00e9ter une partition, car l&rsquo;un ne s&rsquo;exprime qu&rsquo;en fonction de l&rsquo;autre pour donner \u00e0 la musique son allure et son caract\u00e8re.<\/p>\n<blockquote>\n<p style=\"text-align: center;\"><a href=\"https:\/\/happynote.com\/musique\/apprendre-le-solfege\/rythme-tempo-metronome\/\">Rythme, tempo et m\u00e9tronome<\/a><\/p>\n<\/blockquote>\n<h2><span class=\"ez-toc-section\" id=\"Musique_et_Rythme_dans_lEspace\"><\/span>Musique et Rythme dans l&rsquo;Espace<span class=\"ez-toc-section-end\"><\/span><\/h2>\n<p><a href=\"https:\/\/happynote.com\/musique\/musique-rythme-espace-duree-notes-noire-blanche-ronde\/\">D\u00e9couvrez et t\u00e9l\u00e9chargez<\/a> un vrai jeu vid\u00e9o gratuit pour apprendre aux enfants (ou aux adultes !) la ronde, la blanche, la noire et le rapport de ces valeurs de note entre elles (fonctionne sous Windows).<\/p>\n<figure id=\"attachment_97\" aria-describedby=\"caption-attachment-97\" style=\"width: 500px\" class=\"wp-caption aligncenter\"><a href=\"https:\/\/happynote.com\/musique\/musique-rythme-espace-duree-notes-noire-blanche-ronde\/\"><img loading=\"lazy\" decoding=\"async\" class=\"wp-image-97 size-full\" src=\"https:\/\/happynote.com\/musique\/wp-content\/uploads\/2018\/12\/musique-et-rythme-dans-lespace-500X391-01.jpg\" alt=\"Capture d'\u00e9cran du jeu vid\u00e9o Musique et Rythme dans l'espace avec un vaisseau spatial, deux noires, une ronde\" width=\"500\" height=\"391\" srcset=\"https:\/\/happynote.com\/musique\/wp-content\/uploads\/2018\/12\/musique-et-rythme-dans-lespace-500X391-01.jpg 500w, https:\/\/happynote.com\/musique\/wp-content\/uploads\/2018\/12\/musique-et-rythme-dans-lespace-500X391-01-300x235.jpg 300w\" sizes=\"auto, (max-width: 500px) 100vw, 500px\" \/><\/a><figcaption id=\"caption-attachment-97\" class=\"wp-caption-text\"><em>Musique et Rythme dans l&rsquo;Espace<\/em> est un jeu gratuit pour apprendre les valeurs des notes de musique (ronde, blanche, noire, notes point\u00e9es&#8230; ) en s&rsquo;amusant!<\/figcaption><\/figure>\n","protected":false},"excerpt":{"rendered":"<p>La forme &#8211; ou figure &#8211; d&rsquo;une note de musique fixe sa valeur (sa dur\u00e9e) et la combinaison des diff\u00e9rentes dur\u00e9es forme le rythme musical (\u00e0 ne pas confondre avec &hellip; <\/p>\n<div class='heateor_sss_sharing_container heateor_sss_vertical_sharing' style='width:44px;left: 90px;top: 350px;-webkit-box-shadow:none;box-shadow:none;' data-heateor-sss-href='https:\/\/happynote.com\/musique\/wp-json\/wp\/v2\/pages\/111'><div class=\"heateor_sss_sharing_ul\"><a aria-label=\"Facebook\" class=\"heateor_sss_facebook\" href=\"https:\/\/www.facebook.com\/sharer\/sharer.php?u=https%3A%2F%2Fhappynote.com%2Fmusique%2Fwp-json%2Fwp%2Fv2%2Fpages%2F111\" title=\"Facebook\" rel=\"nofollow noopener\" target=\"_blank\" style=\"font-size:32px!important;box-shadow:none;display:inline-block;vertical-align:middle\"><span class=\"heateor_sss_svg\" style=\"background-color:#0765FE;width:40px;height:40px;border-radius:999px;display:inline-block;opacity:1;float:left;font-size:32px;box-shadow:none;display:inline-block;font-size:16px;padding:0 4px;vertical-align:middle;background-repeat:repeat;overflow:hidden;padding:0;cursor:pointer;box-sizing:content-box\"><svg style=\"display:block;border-radius:999px;\" focusable=\"false\" aria-hidden=\"true\" xmlns=\"http:\/\/www.w3.org\/2000\/svg\" width=\"100%\" height=\"100%\" viewBox=\"0 0 32 32\"><path fill=\"#fff\" d=\"M28 16c0-6.627-5.373-12-12-12S4 9.373 4 16c0 5.628 3.875 10.35 9.101 11.647v-7.98h-2.474V16H13.1v-1.58c0-4.085 1.849-5.978 5.859-5.978.76 0 2.072.15 2.608.298v3.325c-.283-.03-.775-.045-1.386-.045-1.967 0-2.728.745-2.728 2.683V16h3.92l-.673 3.667h-3.247v8.245C23.395 27.195 28 22.135 28 16Z\"><\/path><\/svg><\/span><\/a><a aria-label=\"Twitter\" class=\"heateor_sss_button_twitter\" href=\"https:\/\/twitter.com\/intent\/tweet?text=Happy%20Musique%20Note%20-%20Fini%20la%20corv%C3%A9e%20du%20solf%C3%A8ge%21&url=https%3A%2F%2Fhappynote.com%2Fmusique%2Fwp-json%2Fwp%2Fv2%2Fpages%2F111\" title=\"Twitter\" rel=\"nofollow noopener\" target=\"_blank\" style=\"font-size:32px!important;box-shadow:none;display:inline-block;vertical-align:middle\"><span class=\"heateor_sss_svg heateor_sss_s__default heateor_sss_s_twitter\" style=\"background-color:#55acee;width:40px;height:40px;border-radius:999px;display:inline-block;opacity:1;float:left;font-size:32px;box-shadow:none;display:inline-block;font-size:16px;padding:0 4px;vertical-align:middle;background-repeat:repeat;overflow:hidden;padding:0;cursor:pointer;box-sizing:content-box\"><svg style=\"display:block;border-radius:999px;\" focusable=\"false\" aria-hidden=\"true\" xmlns=\"http:\/\/www.w3.org\/2000\/svg\" width=\"100%\" height=\"100%\" viewBox=\"-4 -4 39 39\"><path d=\"M28 8.557a9.913 9.913 0 0 1-2.828.775 4.93 4.93 0 0 0 2.166-2.725 9.738 9.738 0 0 1-3.13 1.194 4.92 4.92 0 0 0-3.593-1.55 4.924 4.924 0 0 0-4.794 6.049c-4.09-.21-7.72-2.17-10.15-5.15a4.942 4.942 0 0 0-.665 2.477c0 1.71.87 3.214 2.19 4.1a4.968 4.968 0 0 1-2.23-.616v.06c0 2.39 1.7 4.38 3.952 4.83-.414.115-.85.174-1.297.174-.318 0-.626-.03-.928-.086a4.935 4.935 0 0 0 4.6 3.42 9.893 9.893 0 0 1-6.114 2.107c-.398 0-.79-.023-1.175-.068a13.953 13.953 0 0 0 7.55 2.213c9.056 0 14.01-7.507 14.01-14.013 0-.213-.005-.426-.015-.637.96-.695 1.795-1.56 2.455-2.55z\" fill=\"#fff\"><\/path><\/svg><\/span><\/a><a aria-label=\"Whatsapp\" class=\"heateor_sss_whatsapp\" href=\"https:\/\/api.whatsapp.com\/send?text=Happy%20Musique%20Note%20-%20Fini%20la%20corv%C3%A9e%20du%20solf%C3%A8ge%21%20https%3A%2F%2Fhappynote.com%2Fmusique%2Fwp-json%2Fwp%2Fv2%2Fpages%2F111\" title=\"Whatsapp\" rel=\"nofollow noopener\" target=\"_blank\" style=\"font-size:32px!important;box-shadow:none;display:inline-block;vertical-align:middle\"><span class=\"heateor_sss_svg\" style=\"background-color:#55eb4c;width:40px;height:40px;border-radius:999px;display:inline-block;opacity:1;float:left;font-size:32px;box-shadow:none;display:inline-block;font-size:16px;padding:0 4px;vertical-align:middle;background-repeat:repeat;overflow:hidden;padding:0;cursor:pointer;box-sizing:content-box\"><svg style=\"display:block;border-radius:999px;\" focusable=\"false\" aria-hidden=\"true\" xmlns=\"http:\/\/www.w3.org\/2000\/svg\" width=\"100%\" height=\"100%\" viewBox=\"-6 -5 40 40\"><path class=\"heateor_sss_svg_stroke heateor_sss_no_fill\" stroke=\"#fff\" stroke-width=\"2\" fill=\"none\" d=\"M 11.579798566743314 24.396926207859085 A 10 10 0 1 0 6.808479557110079 20.73576436351046\"><\/path><path d=\"M 7 19 l -1 6 l 6 -1\" class=\"heateor_sss_no_fill heateor_sss_svg_stroke\" stroke=\"#fff\" stroke-width=\"2\" fill=\"none\"><\/path><path d=\"M 10 10 q -1 8 8 11 c 5 -1 0 -6 -1 -3 q -4 -3 -5 -5 c 4 -2 -1 -5 -1 -4\" fill=\"#fff\"><\/path><\/svg><\/span><\/a><a aria-label=\"Pinterest\" class=\"heateor_sss_button_pinterest\" href=\"https:\/\/happynote.com\/musique\/wp-json\/wp\/v2\/pages\/111\" onclick=\"event.preventDefault();javascript:void( (function() {var e=document.createElement('script' );e.setAttribute('type','text\/javascript' );e.setAttribute('charset','UTF-8' );e.setAttribute('src','\/\/assets.pinterest.com\/js\/pinmarklet.js?r='+Math.random()*99999999);document.body.appendChild(e)})());\" title=\"Pinterest\" rel=\"noopener\" style=\"font-size:32px!important;box-shadow:none;display:inline-block;vertical-align:middle\"><span class=\"heateor_sss_svg heateor_sss_s__default heateor_sss_s_pinterest\" style=\"background-color:#cc2329;width:40px;height:40px;border-radius:999px;display:inline-block;opacity:1;float:left;font-size:32px;box-shadow:none;display:inline-block;font-size:16px;padding:0 4px;vertical-align:middle;background-repeat:repeat;overflow:hidden;padding:0;cursor:pointer;box-sizing:content-box\"><svg style=\"display:block;border-radius:999px;\" focusable=\"false\" aria-hidden=\"true\" xmlns=\"http:\/\/www.w3.org\/2000\/svg\" width=\"100%\" height=\"100%\" viewBox=\"-2 -2 35 35\"><path fill=\"#fff\" d=\"M16.539 4.5c-6.277 0-9.442 4.5-9.442 8.253 0 2.272.86 4.293 2.705 5.046.303.125.574.005.662-.33.061-.231.205-.816.27-1.06.088-.331.053-.447-.191-.736-.532-.627-.873-1.439-.873-2.591 0-3.338 2.498-6.327 6.505-6.327 3.548 0 5.497 2.168 5.497 5.062 0 3.81-1.686 7.025-4.188 7.025-1.382 0-2.416-1.142-2.085-2.545.397-1.674 1.166-3.48 1.166-4.689 0-1.081-.581-1.983-1.782-1.983-1.413 0-2.548 1.462-2.548 3.419 0 1.247.421 2.091.421 2.091l-1.699 7.199c-.505 2.137-.076 4.755-.039 5.019.021.158.223.196.314.077.13-.17 1.813-2.247 2.384-4.324.162-.587.929-3.631.929-3.631.46.876 1.801 1.646 3.227 1.646 4.247 0 7.128-3.871 7.128-9.053.003-3.918-3.317-7.568-8.361-7.568z\"\/><\/svg><\/span><\/a><a class=\"heateor_sss_more\" aria-label=\"More\" title=\"More\" rel=\"nofollow noopener\" style=\"font-size: 32px!important;border:0;box-shadow:none;display:inline-block!important;font-size:16px;padding:0 4px;vertical-align: middle;display:inline;\" href=\"https:\/\/happynote.com\/musique\/wp-json\/wp\/v2\/pages\/111\" onclick=\"event.preventDefault()\"><span class=\"heateor_sss_svg\" style=\"background-color:#ee8e2d;width:40px;height:40px;border-radius:999px;display:inline-block!important;opacity:1;float:left;font-size:32px!important;box-shadow:none;display:inline-block;font-size:16px;padding:0 4px;vertical-align:middle;display:inline;background-repeat:repeat;overflow:hidden;padding:0;cursor:pointer;box-sizing:content-box;\" onclick=\"heateorSssMoreSharingPopup(this, 'https:\/\/happynote.com\/musique\/wp-json\/wp\/v2\/pages\/111', 'Happy%20Musique%20Note%20-%20Fini%20la%20corv%C3%A9e%20du%20solf%C3%A8ge%21', '' )\"><svg xmlns=\"http:\/\/www.w3.org\/2000\/svg\" xmlns:xlink=\"http:\/\/www.w3.org\/1999\/xlink\" viewBox=\"-.3 0 32 32\" version=\"1.1\" width=\"100%\" height=\"100%\" style=\"display:block;border-radius:999px;\" xml:space=\"preserve\"><g><path fill=\"#fff\" d=\"M18 14V8h-4v6H8v4h6v6h4v-6h6v-4h-6z\" fill-rule=\"evenodd\"><\/path><\/g><\/svg><\/span><\/a><\/div><div class=\"heateorSssClear\"><\/div><\/div>","protected":false},"author":1,"featured_media":113,"parent":102,"menu_order":0,"comment_status":"closed","ping_status":"closed","template":"","meta":{"footnotes":""},"class_list":["post-111","page","type-page","status-publish","has-post-thumbnail","hentry"],"_links":{"self":[{"href":"https:\/\/happynote.com\/musique\/wp-json\/wp\/v2\/pages\/111","targetHints":{"allow":["GET"]}}],"collection":[{"href":"https:\/\/happynote.com\/musique\/wp-json\/wp\/v2\/pages"}],"about":[{"href":"https:\/\/happynote.com\/musique\/wp-json\/wp\/v2\/types\/page"}],"author":[{"embeddable":true,"href":"https:\/\/happynote.com\/musique\/wp-json\/wp\/v2\/users\/1"}],"replies":[{"embeddable":true,"href":"https:\/\/happynote.com\/musique\/wp-json\/wp\/v2\/comments?post=111"}],"version-history":[{"count":89,"href":"https:\/\/happynote.com\/musique\/wp-json\/wp\/v2\/pages\/111\/revisions"}],"predecessor-version":[{"id":3817,"href":"https:\/\/happynote.com\/musique\/wp-json\/wp\/v2\/pages\/111\/revisions\/3817"}],"up":[{"embeddable":true,"href":"https:\/\/happynote.com\/musique\/wp-json\/wp\/v2\/pages\/102"}],"wp:featuredmedia":[{"embeddable":true,"href":"https:\/\/happynote.com\/musique\/wp-json\/wp\/v2\/media\/113"}],"wp:attachment":[{"href":"https:\/\/happynote.com\/musique\/wp-json\/wp\/v2\/media?parent=111"}],"curies":[{"name":"wp","href":"https:\/\/api.w.org\/{rel}","templated":true}]}}