{"id":766,"date":"2018-12-18T14:15:32","date_gmt":"2018-12-18T13:15:32","guid":{"rendered":"https:\/\/happynote.com\/musique\/?page_id=766"},"modified":"2025-09-28T09:49:45","modified_gmt":"2025-09-28T07:49:45","slug":"silence-musique-pause-soupir","status":"publish","type":"page","link":"https:\/\/happynote.com\/musique\/apprendre-le-solfege\/silence-musique-pause-soupir\/","title":{"rendered":"Le silence en musique : soupir, pause, demi-pause&#8230;"},"content":{"rendered":"<p>Pause, soupir, demi-soupir\u2026 le silence en musique est un symbole qui prend diff\u00e9rentes formes pour indiquer l\u2019interruption momentan\u00e9e du son et la dur\u00e9e des figures de note auxquelles il correspond (ronde, blanche, noire&#8230;).<\/p>\n<div id=\"ez-toc-container\" class=\"ez-toc-v2_0_82_2 counter-hierarchy ez-toc-counter ez-toc-custom ez-toc-container-direction\">\n<p class=\"ez-toc-title\" style=\"cursor:inherit\">AFFICHER\/MASQUER LE SOMMAIRE<\/p>\n<label for=\"ez-toc-cssicon-toggle-item-69de4a23577ea\" class=\"ez-toc-cssicon-toggle-label\"><span class=\"\"><span class=\"eztoc-hide\" style=\"display:none;\">Toggle<\/span><span class=\"ez-toc-icon-toggle-span\"><svg style=\"fill: #999;color:#999\" xmlns=\"http:\/\/www.w3.org\/2000\/svg\" class=\"list-377408\" width=\"20px\" height=\"20px\" viewBox=\"0 0 24 24\" fill=\"none\"><path d=\"M6 6H4v2h2V6zm14 0H8v2h12V6zM4 11h2v2H4v-2zm16 0H8v2h12v-2zM4 16h2v2H4v-2zm16 0H8v2h12v-2z\" fill=\"currentColor\"><\/path><\/svg><svg style=\"fill: #999;color:#999\" class=\"arrow-unsorted-368013\" xmlns=\"http:\/\/www.w3.org\/2000\/svg\" width=\"10px\" height=\"10px\" viewBox=\"0 0 24 24\" version=\"1.2\" baseProfile=\"tiny\"><path d=\"M18.2 9.3l-6.2-6.3-6.2 6.3c-.2.2-.3.4-.3.7s.1.5.3.7c.2.2.4.3.7.3h11c.3 0 .5-.1.7-.3.2-.2.3-.5.3-.7s-.1-.5-.3-.7zM5.8 14.7l6.2 6.3 6.2-6.3c.2-.2.3-.5.3-.7s-.1-.5-.3-.7c-.2-.2-.4-.3-.7-.3h-11c-.3 0-.5.1-.7.3-.2.2-.3.5-.3.7s.1.5.3.7z\"\/><\/svg><\/span><\/span><\/label><input type=\"checkbox\"  id=\"ez-toc-cssicon-toggle-item-69de4a23577ea\" checked aria-label=\"Toggle\" \/><nav><ul class='ez-toc-list ez-toc-list-level-1 ' ><li class='ez-toc-page-1 ez-toc-heading-level-2'><a class=\"ez-toc-link ez-toc-heading-1\" href=\"https:\/\/happynote.com\/musique\/apprendre-le-solfege\/silence-musique-pause-soupir\/#LImportance_du_silence_en_musique\" >L&rsquo;Importance du silence en musique<\/a><\/li><li class='ez-toc-page-1 ez-toc-heading-level-2'><a class=\"ez-toc-link ez-toc-heading-2\" href=\"https:\/\/happynote.com\/musique\/apprendre-le-solfege\/silence-musique-pause-soupir\/#Equivalence_entre_les_figures_de_notes_et_les_silences_musicaux\" >\u00c9quivalence entre les figures de notes et les silences musicaux<\/a><\/li><li class='ez-toc-page-1 ez-toc-heading-level-2'><a class=\"ez-toc-link ez-toc-heading-3\" href=\"https:\/\/happynote.com\/musique\/apprendre-le-solfege\/silence-musique-pause-soupir\/#Le_silence_durant_une_mesure_entiere\" >Le silence durant une mesure enti\u00e8re<\/a><\/li><li class='ez-toc-page-1 ez-toc-heading-level-2'><a class=\"ez-toc-link ez-toc-heading-4\" href=\"https:\/\/happynote.com\/musique\/apprendre-le-solfege\/silence-musique-pause-soupir\/#Les_silences_pointes\" >Les silences point\u00e9s<\/a><\/li><li class='ez-toc-page-1 ez-toc-heading-level-2'><a class=\"ez-toc-link ez-toc-heading-5\" href=\"https:\/\/happynote.com\/musique\/apprendre-le-solfege\/silence-musique-pause-soupir\/#Les_silences_musicaux_tres_peu_usites\" >Les silences musicaux tr\u00e8s peu usit\u00e9s<\/a><\/li><li class='ez-toc-page-1 ez-toc-heading-level-2'><a class=\"ez-toc-link ez-toc-heading-6\" href=\"https:\/\/happynote.com\/musique\/apprendre-le-solfege\/silence-musique-pause-soupir\/#Le_silence_en_musique_entre_art_et_idee\" >Le silence en musique, entre art et id\u00e9e<\/a><\/li><\/ul><\/nav><\/div>\n<h2><span class=\"ez-toc-section\" id=\"LImportance_du_silence_en_musique\"><\/span>L&rsquo;Importance du silence en musique<span class=\"ez-toc-section-end\"><\/span><\/h2>\n<p>\u00c9l\u00e9ment essentiel du <a href=\"https:\/\/happynote.com\/musique\/apprendre-le-solfege\/\">solf\u00e8ge<\/a>, le silence, en musique, n&rsquo;est pas un vide, mais un espace habit\u00e9. Il permet d\u2019entendre ce qui n\u2019est pas dit.<\/p>\n<p>Bien plus qu&rsquo;une simple absence de son, le silence musical est un outil d&rsquo;expression \u00e0 part enti\u00e8re. Il cr\u00e9e le rythme, la tension et donne de la respiration \u00e0 la m\u00e9lodie.<\/p>\n<p>Dans la phrase musicale ci-dessous, il n&rsquo;y a <b>aucun<\/b>\u00a0silence\u00a0:<\/p>\n<figure id=\"attachment_768\" aria-describedby=\"caption-attachment-768\" style=\"width: 539px\" class=\"wp-caption aligncenter\"><img loading=\"lazy\" decoding=\"async\" class=\"size-full wp-image-768\" src=\"https:\/\/happynote.com\/musique\/wp-content\/uploads\/2018\/12\/phrase-musicale-sans-silences.gif\" alt=\"Une phrase musicale en Do majeur, en cl\u00e9 de sol, sans aucun silence musical\" width=\"539\" height=\"250\" \/><figcaption id=\"caption-attachment-768\" class=\"wp-caption-text\">Une phrase musicale en Do majeur, en cl\u00e9 de sol, sans aucun silence musical<\/figcaption><\/figure>\n<audio class=\"wp-audio-shortcode\" id=\"audio-766-1\" preload=\"none\" style=\"width: 100%;\" controls=\"controls\"><source type=\"audio\/mpeg\" src=\"https:\/\/happynote.com\/musique\/wp-content\/uploads\/2018\/12\/musique-sans-silence.mp3?_=1\" \/><a href=\"https:\/\/happynote.com\/musique\/wp-content\/uploads\/2018\/12\/musique-sans-silence.mp3\">https:\/\/happynote.com\/musique\/wp-content\/uploads\/2018\/12\/musique-sans-silence.mp3<\/a><\/audio>\n<p>&nbsp;<\/p>\n<p>Voici maintenant la m\u00eame phrase musicale, mais certaines notes de musique ont \u00e9t\u00e9 remplac\u00e9es par des <b>silences d&rsquo;une dur\u00e9e \u00e9quivalente<\/b>\u00a0:<\/p>\n<figure id=\"attachment_767\" aria-describedby=\"caption-attachment-767\" style=\"width: 539px\" class=\"wp-caption aligncenter\"><img loading=\"lazy\" decoding=\"async\" class=\"size-full wp-image-767\" src=\"https:\/\/happynote.com\/musique\/wp-content\/uploads\/2018\/12\/phrase-musicale-avec-silences.gif\" alt=\"Une phrase musicale en Do majeur, en cl\u00e9 de sol, avec des silences musicaux\" width=\"539\" height=\"250\" \/><figcaption id=\"caption-attachment-767\" class=\"wp-caption-text\">Une phrase musicale en Do majeur, en cl\u00e9 de sol, avec un soupir, une demi-pause, une pause, deux demi-soupir.<\/figcaption><\/figure>\n<audio class=\"wp-audio-shortcode\" id=\"audio-766-2\" preload=\"none\" style=\"width: 100%;\" controls=\"controls\"><source type=\"audio\/mpeg\" src=\"https:\/\/happynote.com\/musique\/wp-content\/uploads\/2018\/12\/musique-avec-silences.mp3?_=2\" \/><a href=\"https:\/\/happynote.com\/musique\/wp-content\/uploads\/2018\/12\/musique-avec-silences.mp3\">https:\/\/happynote.com\/musique\/wp-content\/uploads\/2018\/12\/musique-avec-silences.mp3<\/a><\/audio>\n<p>&nbsp;<\/p>\n<p>De m\u00eame que les notes de musique prennent diff\u00e9rentes formes\u00a0 pour indiquer leur dur\u00e9e<a href=\"https:\/\/happynote.com\/musique\/croche-noire-blanche-ronde\/\"> (ronde, blanche, noire, croche&#8230;)<\/a>, il existe\u00a0<b>diff\u00e9rentes figures de silence<\/b> pour indiquer la dur\u00e9e de ces silences.<\/p>\n<h2><span class=\"ez-toc-section\" id=\"Equivalence_entre_les_figures_de_notes_et_les_silences_musicaux\"><\/span>\u00c9quivalence entre les figures de notes et les silences musicaux<span class=\"ez-toc-section-end\"><\/span><\/h2>\n<p>Pour \u00e9crire une partition de musique, les compositeurs disposent d&rsquo;un silence pour chaque figure de note.<\/p>\n<p>&nbsp;<\/p>\n<figure id=\"attachment_770\" aria-describedby=\"caption-attachment-770\" style=\"width: 335px\" class=\"wp-caption aligncenter\"><img loading=\"lazy\" decoding=\"async\" class=\"wp-image-770 size-full\" src=\"https:\/\/happynote.com\/musique\/wp-content\/uploads\/2018\/12\/silence-musique.gif\" alt=\"Quatre formes de silence en musique : pause (ronde), demi-pause (blanche), soupir (noire), demi-soupir (croche)\" width=\"335\" height=\"300\" \/><figcaption id=\"caption-attachment-770\" class=\"wp-caption-text\">Les quatre principaux silences et les figures de note auxquelles ils correspondent.<\/figcaption><\/figure>\n<p><b>La pause<\/b>, qui se place sous la quatri\u00e8me ligne de la <a href=\"https:\/\/happynote.com\/musique\/solfege\/portee-musicale-notes-musique-cles-symboles-musicaux\/\">port\u00e9e<\/a> &#8211; les lignes de la port\u00e9e musicale se comptent toujours de bas en haut &#8211; est le silence musical dont la dur\u00e9e est \u00e9quivalent \u00e0 celui d&rsquo;une ronde.<br \/>\n<b>La demi-pause<\/b>, qui se place sur la troisi\u00e8me ligne de la port\u00e9e est le silence dont la dur\u00e9e est \u00e9quivalent \u00e0 celui d&rsquo;une blanche.<\/p>\n<p><b>Le soupir<\/b>, est le silence de la noire.<\/p>\n<div style=\"text-align: center;\">\n<p><iframe loading=\"lazy\" src=\"https:\/\/www.youtube-nocookie.com\/embed\/3asWeutbY0c\" width=\"728\" height=\"435\" frameborder=\"0\" allowfullscreen=\"allowfullscreen\"><\/iframe><\/p>\n<p class=\"wp-caption-text\">Le d\u00e9but de la troisi\u00e8me sonate pour piano de Beethoven, en Do Majeur, utilise la demi-pause et le soupir.<\/p>\n<\/div>\n<p><b>Le demi-soupir<\/b>, le silence de la croche.<\/p>\n<p><b>Le quart de soupir<\/b> est le silence musical de la double croche, <b>le huiti\u00e8me de soupir<\/b>\u00a0le silence de la triple croche,\u00a0<b>le seizi\u00e8me de soupir<\/b> le silence de la quadruple croche.<\/p>\n<figure id=\"attachment_849\" aria-describedby=\"caption-attachment-849\" style=\"width: 500px\" class=\"wp-caption aligncenter\"><a href=\"https:\/\/happynote.com\/musique\/casse-note-silence-musical-pause-soupir\/telecharger-casse-note-musique\/\"><img loading=\"lazy\" decoding=\"async\" class=\"wp-image-849 size-full\" src=\"https:\/\/happynote.com\/musique\/wp-content\/uploads\/2018\/12\/casse-musique-note-816X658-001.gif\" alt=\"Un casse brique pour apprendre les silences musicaux (pause, soupir...) et les valeurs de note qui leur correspond\" width=\"500\" height=\"403\" \/><\/a><figcaption id=\"caption-attachment-849\" class=\"wp-caption-text\"><a href=\"https:\/\/happynote.com\/musique\/casse-note-silence-musical-pause-soupir\/telecharger-casse-note-musique\/\">GRATUIT! Un vrai casse brique pour apprendre les silences musicaux !<\/a><\/figcaption><\/figure>\n<h2><span class=\"ez-toc-section\" id=\"Le_silence_durant_une_mesure_entiere\"><\/span>Le silence durant une mesure enti\u00e8re<span class=\"ez-toc-section-end\"><\/span><\/h2>\n<p><strong>Pour indiquer un silence durant une mesure enti\u00e8re, on emploie toujours la pause, et ce, quelle que soit la dur\u00e9e de la mesure.<\/strong><\/p>\n<p>Par exemple, si le morceau de musique est \u00e9crit \u00e0 3\/4 (ce qui signifie que le morceau est \u00e9crit \u00e0 trois temps et que chaque temps vaut une noire), bien que trois noires soient \u00e9quivalentes \u00e0 une blanche point\u00e9e et non pas \u00e0 une ronde, on utilisera quand m\u00eame une pause.<\/p>\n<h2><span class=\"ez-toc-section\" id=\"Les_silences_pointes\"><\/span>Les silences point\u00e9s<span class=\"ez-toc-section-end\"><\/span><\/h2>\n<p>M\u00eame si c&rsquo;est possible et peut parfois se rencontrer dans des compositions de musique contemporaine (ou des compositions anciennes \u00e9dit\u00e9es et publi\u00e9s par ordinateur), il n&rsquo;est pas d&rsquo;usage de pointer les silences.<\/p>\n<p>Ainsi, par exemple, pour remplacer <a href=\"https:\/\/happynote.com\/musique\/solfege\/croche-noire-blanche-ronde\/#Les_valeurs_de_rythme_pointees\">une blanche point\u00e9e<\/a> par un silence d&rsquo;une dur\u00e9e \u00e9quivalente, on utilisera une demi-pause (correspondant \u00e0 la blanche) et un soupir (le point plac\u00e9 derri\u00e8re une blanche vaut une noire, le soupir est le silence de la noire).<\/p>\n<p>Ci-dessous deux partitions de la c\u00e9l\u00e8bre pi\u00e8ce pour <a href=\"https:\/\/happynote.com\/musique\/acheter-un-piano-acoustique-ou-numerique\/\">piano<\/a> de Beethoven, <a href=\"https:\/\/happynote.com\/musique\/elise-piano-beethoven\/\"><em>Pour \u00c9lise<\/em> (parfois appel\u00e9 <em>La Lettre \u00e0 \u00c9lise<\/em>)<\/a>. Dans la premi\u00e8re vid\u00e9o, le musicien \u00e0 choisi &#8211; ou laiss\u00e9 son logiciel choisir pour lui! &#8211; d&rsquo;utiliser un demi-soupir point\u00e9 \u00e0 la place d&rsquo;un quart de soupir et d&rsquo;un demi-soupir (main gauche, port\u00e9e musicale du bas \u00e9crite en cl\u00e9 de fa, mesures 4, 5, 7, etc.). Il a aussi utilis\u00e9 un soupir point\u00e9 (main gauche, mesures 2 et 6), ce qui est correcte d&rsquo;un point de vue math\u00e9matique mais erron\u00e9 sur le plan de la th\u00e9orie musicale: comme signal\u00e9 plus haut, <strong>lorsqu&rsquo;une mesure est vide, on utilise toujours la pause<\/strong>.<\/p>\n<p>En ce qui concerne l&rsquo;indication de <a href=\"https:\/\/happynote.com\/musique\/apprendre-le-solfege\/rythme-tempo-metronome\/#Le_tempo\">tempo<\/a>, noire = 44 et bien que le <a href=\"https:\/\/happynote.com\/musique\/apprendre-le-solfege\/rythme-tempo-metronome\/#Le_metronome\">m\u00e9tronome<\/a> ait \u00e9t\u00e9 invent\u00e9 du vivant du compositeur &#8211; mais apr\u00e8s la composition de <em>La lettre \u00e0 \u00c9lise<\/em> &#8211; elle n&rsquo;est pas de la main de Beethoven.<\/p>\n<div class=\"youtube-video\" style=\"text-align: center;\"><iframe loading=\"lazy\" src=\"https:\/\/www.youtube-nocookie.com\/embed\/8UJAol7ndfM\" width=\"728\" height=\"435\" frameborder=\"0\" allowfullscreen=\"allowfullscreen\"><span data-mce-type=\"bookmark\" style=\"display: inline-block; width: 0px; overflow: hidden; line-height: 0;\" class=\"mce_SELRES_start\">\ufeff<\/span><\/iframe><\/div>\n<p>&nbsp;<\/p>\n<p>Dans la partition de la seconde vid\u00e9o, le demi-soupir point\u00e9 de la main gauche a bien \u00e9t\u00e9 remplac\u00e9 par un quart de soupir et un demi-soupir. Le morceau \u00e9tant \u00e9crit \u00e0 3\/8, &#8211; ce qui signifie qu\u2019il est \u00e0 trois temps et que chaque temps vaut une croche, &#8211; il est normal que le quart de soupir qui remplace la double-croche sur la deuxi\u00e8me partie du deuxi\u00e8me temps soit \u00e9crit avant le demi-soupir qui remplace la croche ou les deux double-croches du troisi\u00e8me temps.<\/p>\n<p>De m\u00eame le soupir point\u00e9 des mesures deux et six a bien \u00e9t\u00e9 remplac\u00e9 par une pause, comme il est d&rsquo;usage pour indiquer un silence durant une mesure enti\u00e8re.<\/p>\n<div class=\"youtube-video\" style=\"text-align: center;\"><iframe loading=\"lazy\" src=\"https:\/\/www.youtube-nocookie.com\/embed\/wKvKiN1wYHw\" width=\"728\" height=\"435\" frameborder=\"0\" allowfullscreen=\"allowfullscreen\"><span data-mce-type=\"bookmark\" style=\"display: inline-block; width: 0px; overflow: hidden; line-height: 0;\" class=\"mce_SELRES_start\">\ufeff<\/span><\/iframe><\/div>\n<p>&nbsp;<\/p>\n<p><strong>Il est aussi d&rsquo;usage de supprimer les silences plac\u00e9s au d\u00e9but d&rsquo;un morceau de musique.<\/strong> La pi\u00e8ce de Beethoven d\u00e9butant sur le troisi\u00e8me temps, chaque temps \u00e9tant \u00e9quivalant \u00e0 une croche, le morceau aurait donc du commencer par deux demi-soupir (le demi-soupir \u00e9tant le silence de la croche) ou un soupir. Sur ce point les deux partitions des deux vid\u00e9os sont donc correctes.<\/p>\n<h2><span class=\"ez-toc-section\" id=\"Les_silences_musicaux_tres_peu_usites\"><\/span>Les silences musicaux tr\u00e8s peu usit\u00e9s<span class=\"ez-toc-section-end\"><\/span><\/h2>\n<p>Ils <a href=\"https:\/\/fr.wikipedia.org\/wiki\/Silence_(musique)#Dur%C3%A9e_du_silence\" target=\"_blank\" rel=\"noopener noreferrer\">correspondent aux figures de notes tr\u00e8s peu usit\u00e9es<\/a>: le b\u00e2ton de pause est le silence de la note carr\u00e9e, le trente-deuxi\u00e8me de soupir le silence de la quintuple croche.<\/p>\n<h2><span class=\"ez-toc-section\" id=\"Le_silence_en_musique_entre_art_et_idee\"><\/span>Le silence en musique, entre art et id\u00e9e<span class=\"ez-toc-section-end\"><\/span><\/h2>\n<p><strong>Humoristique<\/strong><br \/>\nLe silence en musique est le seul moment o\u00f9 un musicien peut se tromper&#8230; sans que personne ne le remarque.<\/p>\n<p><strong>Litt\u00e9raire<\/strong><br \/>\nLe silence en musique est cette ponctuation invisible qui donne au son son poids, comme une virgule donne son rythme \u00e0 la phrase.<\/p>\n<p><strong>Onirique<\/strong><br \/>\nQuand les notes s\u2019endorment, en musique le silence r\u00eave \u00e0 leur place.<\/p>\n<p><strong>Minimaliste<\/strong><br \/>\nLe silence en musique, c\u2019est l\u2019art de se taire sans dispara\u00eetre.<\/p>\n<p><strong>Existentialiste<\/strong><br \/>\nEn musique, le silence est ce qui reste quand tout s\u2019est dit. Il est la preuve que l\u2019essentiel n\u2019est jamais totalement exprimable.<\/p>\n<p><strong>\u00c9loge paradoxal<\/strong><br \/>\nLe silence en musique fait parfois plus de bruit qu\u2019une fanfare.<\/p>\n<p><strong>Publicitaire<\/strong><br \/>\nEnvie d\u2019une pause\u202f? Essayez le silence en musique. Z\u00e9ro note, z\u00e9ro stress, 100\u202f% expressif !<\/p>\n","protected":false},"excerpt":{"rendered":"<p>Pause, soupir, demi-soupir\u2026 le silence en musique est un symbole qui prend diff\u00e9rentes formes pour indiquer l\u2019interruption momentan\u00e9e du son et la dur\u00e9e des figures de note auxquelles il correspond &hellip; <\/p>\n<div class='heateor_sss_sharing_container heateor_sss_vertical_sharing' style='width:44px;left: 90px;top: 350px;-webkit-box-shadow:none;box-shadow:none;' data-heateor-sss-href='https:\/\/happynote.com\/musique\/wp-json\/wp\/v2\/pages\/766'><div class=\"heateor_sss_sharing_ul\"><a aria-label=\"Facebook\" class=\"heateor_sss_facebook\" href=\"https:\/\/www.facebook.com\/sharer\/sharer.php?u=https%3A%2F%2Fhappynote.com%2Fmusique%2Fwp-json%2Fwp%2Fv2%2Fpages%2F766\" title=\"Facebook\" rel=\"nofollow noopener\" target=\"_blank\" style=\"font-size:32px!important;box-shadow:none;display:inline-block;vertical-align:middle\"><span class=\"heateor_sss_svg\" style=\"background-color:#0765FE;width:40px;height:40px;border-radius:999px;display:inline-block;opacity:1;float:left;font-size:32px;box-shadow:none;display:inline-block;font-size:16px;padding:0 4px;vertical-align:middle;background-repeat:repeat;overflow:hidden;padding:0;cursor:pointer;box-sizing:content-box\"><svg style=\"display:block;border-radius:999px;\" focusable=\"false\" aria-hidden=\"true\" xmlns=\"http:\/\/www.w3.org\/2000\/svg\" width=\"100%\" height=\"100%\" viewBox=\"0 0 32 32\"><path fill=\"#fff\" d=\"M28 16c0-6.627-5.373-12-12-12S4 9.373 4 16c0 5.628 3.875 10.35 9.101 11.647v-7.98h-2.474V16H13.1v-1.58c0-4.085 1.849-5.978 5.859-5.978.76 0 2.072.15 2.608.298v3.325c-.283-.03-.775-.045-1.386-.045-1.967 0-2.728.745-2.728 2.683V16h3.92l-.673 3.667h-3.247v8.245C23.395 27.195 28 22.135 28 16Z\"><\/path><\/svg><\/span><\/a><a aria-label=\"Twitter\" class=\"heateor_sss_button_twitter\" href=\"https:\/\/twitter.com\/intent\/tweet?text=Happy%20Musique%20Note%20-%20Fini%20la%20corv%C3%A9e%20du%20solf%C3%A8ge%21&url=https%3A%2F%2Fhappynote.com%2Fmusique%2Fwp-json%2Fwp%2Fv2%2Fpages%2F766\" title=\"Twitter\" rel=\"nofollow noopener\" target=\"_blank\" style=\"font-size:32px!important;box-shadow:none;display:inline-block;vertical-align:middle\"><span class=\"heateor_sss_svg heateor_sss_s__default heateor_sss_s_twitter\" style=\"background-color:#55acee;width:40px;height:40px;border-radius:999px;display:inline-block;opacity:1;float:left;font-size:32px;box-shadow:none;display:inline-block;font-size:16px;padding:0 4px;vertical-align:middle;background-repeat:repeat;overflow:hidden;padding:0;cursor:pointer;box-sizing:content-box\"><svg style=\"display:block;border-radius:999px;\" focusable=\"false\" aria-hidden=\"true\" xmlns=\"http:\/\/www.w3.org\/2000\/svg\" width=\"100%\" height=\"100%\" viewBox=\"-4 -4 39 39\"><path d=\"M28 8.557a9.913 9.913 0 0 1-2.828.775 4.93 4.93 0 0 0 2.166-2.725 9.738 9.738 0 0 1-3.13 1.194 4.92 4.92 0 0 0-3.593-1.55 4.924 4.924 0 0 0-4.794 6.049c-4.09-.21-7.72-2.17-10.15-5.15a4.942 4.942 0 0 0-.665 2.477c0 1.71.87 3.214 2.19 4.1a4.968 4.968 0 0 1-2.23-.616v.06c0 2.39 1.7 4.38 3.952 4.83-.414.115-.85.174-1.297.174-.318 0-.626-.03-.928-.086a4.935 4.935 0 0 0 4.6 3.42 9.893 9.893 0 0 1-6.114 2.107c-.398 0-.79-.023-1.175-.068a13.953 13.953 0 0 0 7.55 2.213c9.056 0 14.01-7.507 14.01-14.013 0-.213-.005-.426-.015-.637.96-.695 1.795-1.56 2.455-2.55z\" fill=\"#fff\"><\/path><\/svg><\/span><\/a><a aria-label=\"Whatsapp\" class=\"heateor_sss_whatsapp\" href=\"https:\/\/api.whatsapp.com\/send?text=Happy%20Musique%20Note%20-%20Fini%20la%20corv%C3%A9e%20du%20solf%C3%A8ge%21%20https%3A%2F%2Fhappynote.com%2Fmusique%2Fwp-json%2Fwp%2Fv2%2Fpages%2F766\" title=\"Whatsapp\" rel=\"nofollow noopener\" target=\"_blank\" style=\"font-size:32px!important;box-shadow:none;display:inline-block;vertical-align:middle\"><span class=\"heateor_sss_svg\" style=\"background-color:#55eb4c;width:40px;height:40px;border-radius:999px;display:inline-block;opacity:1;float:left;font-size:32px;box-shadow:none;display:inline-block;font-size:16px;padding:0 4px;vertical-align:middle;background-repeat:repeat;overflow:hidden;padding:0;cursor:pointer;box-sizing:content-box\"><svg style=\"display:block;border-radius:999px;\" focusable=\"false\" aria-hidden=\"true\" xmlns=\"http:\/\/www.w3.org\/2000\/svg\" width=\"100%\" height=\"100%\" viewBox=\"-6 -5 40 40\"><path class=\"heateor_sss_svg_stroke heateor_sss_no_fill\" stroke=\"#fff\" stroke-width=\"2\" fill=\"none\" d=\"M 11.579798566743314 24.396926207859085 A 10 10 0 1 0 6.808479557110079 20.73576436351046\"><\/path><path d=\"M 7 19 l -1 6 l 6 -1\" class=\"heateor_sss_no_fill heateor_sss_svg_stroke\" stroke=\"#fff\" stroke-width=\"2\" fill=\"none\"><\/path><path d=\"M 10 10 q -1 8 8 11 c 5 -1 0 -6 -1 -3 q -4 -3 -5 -5 c 4 -2 -1 -5 -1 -4\" fill=\"#fff\"><\/path><\/svg><\/span><\/a><a aria-label=\"Pinterest\" class=\"heateor_sss_button_pinterest\" href=\"https:\/\/happynote.com\/musique\/wp-json\/wp\/v2\/pages\/766\" onclick=\"event.preventDefault();javascript:void( (function() {var e=document.createElement('script' );e.setAttribute('type','text\/javascript' );e.setAttribute('charset','UTF-8' );e.setAttribute('src','\/\/assets.pinterest.com\/js\/pinmarklet.js?r='+Math.random()*99999999);document.body.appendChild(e)})());\" title=\"Pinterest\" rel=\"noopener\" style=\"font-size:32px!important;box-shadow:none;display:inline-block;vertical-align:middle\"><span class=\"heateor_sss_svg heateor_sss_s__default heateor_sss_s_pinterest\" style=\"background-color:#cc2329;width:40px;height:40px;border-radius:999px;display:inline-block;opacity:1;float:left;font-size:32px;box-shadow:none;display:inline-block;font-size:16px;padding:0 4px;vertical-align:middle;background-repeat:repeat;overflow:hidden;padding:0;cursor:pointer;box-sizing:content-box\"><svg style=\"display:block;border-radius:999px;\" focusable=\"false\" aria-hidden=\"true\" xmlns=\"http:\/\/www.w3.org\/2000\/svg\" width=\"100%\" height=\"100%\" viewBox=\"-2 -2 35 35\"><path fill=\"#fff\" d=\"M16.539 4.5c-6.277 0-9.442 4.5-9.442 8.253 0 2.272.86 4.293 2.705 5.046.303.125.574.005.662-.33.061-.231.205-.816.27-1.06.088-.331.053-.447-.191-.736-.532-.627-.873-1.439-.873-2.591 0-3.338 2.498-6.327 6.505-6.327 3.548 0 5.497 2.168 5.497 5.062 0 3.81-1.686 7.025-4.188 7.025-1.382 0-2.416-1.142-2.085-2.545.397-1.674 1.166-3.48 1.166-4.689 0-1.081-.581-1.983-1.782-1.983-1.413 0-2.548 1.462-2.548 3.419 0 1.247.421 2.091.421 2.091l-1.699 7.199c-.505 2.137-.076 4.755-.039 5.019.021.158.223.196.314.077.13-.17 1.813-2.247 2.384-4.324.162-.587.929-3.631.929-3.631.46.876 1.801 1.646 3.227 1.646 4.247 0 7.128-3.871 7.128-9.053.003-3.918-3.317-7.568-8.361-7.568z\"\/><\/svg><\/span><\/a><a class=\"heateor_sss_more\" aria-label=\"More\" title=\"More\" rel=\"nofollow noopener\" style=\"font-size: 32px!important;border:0;box-shadow:none;display:inline-block!important;font-size:16px;padding:0 4px;vertical-align: middle;display:inline;\" href=\"https:\/\/happynote.com\/musique\/wp-json\/wp\/v2\/pages\/766\" onclick=\"event.preventDefault()\"><span class=\"heateor_sss_svg\" style=\"background-color:#ee8e2d;width:40px;height:40px;border-radius:999px;display:inline-block!important;opacity:1;float:left;font-size:32px!important;box-shadow:none;display:inline-block;font-size:16px;padding:0 4px;vertical-align:middle;display:inline;background-repeat:repeat;overflow:hidden;padding:0;cursor:pointer;box-sizing:content-box;\" onclick=\"heateorSssMoreSharingPopup(this, 'https:\/\/happynote.com\/musique\/wp-json\/wp\/v2\/pages\/766', 'Happy%20Musique%20Note%20-%20Fini%20la%20corv%C3%A9e%20du%20solf%C3%A8ge%21', '' )\"><svg xmlns=\"http:\/\/www.w3.org\/2000\/svg\" xmlns:xlink=\"http:\/\/www.w3.org\/1999\/xlink\" viewBox=\"-.3 0 32 32\" version=\"1.1\" width=\"100%\" height=\"100%\" style=\"display:block;border-radius:999px;\" xml:space=\"preserve\"><g><path fill=\"#fff\" d=\"M18 14V8h-4v6H8v4h6v6h4v-6h6v-4h-6z\" fill-rule=\"evenodd\"><\/path><\/g><\/svg><\/span><\/a><\/div><div class=\"heateorSssClear\"><\/div><\/div>","protected":false},"author":1,"featured_media":770,"parent":102,"menu_order":0,"comment_status":"closed","ping_status":"closed","template":"","meta":{"footnotes":""},"class_list":["post-766","page","type-page","status-publish","has-post-thumbnail","hentry"],"_links":{"self":[{"href":"https:\/\/happynote.com\/musique\/wp-json\/wp\/v2\/pages\/766","targetHints":{"allow":["GET"]}}],"collection":[{"href":"https:\/\/happynote.com\/musique\/wp-json\/wp\/v2\/pages"}],"about":[{"href":"https:\/\/happynote.com\/musique\/wp-json\/wp\/v2\/types\/page"}],"author":[{"embeddable":true,"href":"https:\/\/happynote.com\/musique\/wp-json\/wp\/v2\/users\/1"}],"replies":[{"embeddable":true,"href":"https:\/\/happynote.com\/musique\/wp-json\/wp\/v2\/comments?post=766"}],"version-history":[{"count":72,"href":"https:\/\/happynote.com\/musique\/wp-json\/wp\/v2\/pages\/766\/revisions"}],"predecessor-version":[{"id":3795,"href":"https:\/\/happynote.com\/musique\/wp-json\/wp\/v2\/pages\/766\/revisions\/3795"}],"up":[{"embeddable":true,"href":"https:\/\/happynote.com\/musique\/wp-json\/wp\/v2\/pages\/102"}],"wp:featuredmedia":[{"embeddable":true,"href":"https:\/\/happynote.com\/musique\/wp-json\/wp\/v2\/media\/770"}],"wp:attachment":[{"href":"https:\/\/happynote.com\/musique\/wp-json\/wp\/v2\/media?parent=766"}],"curies":[{"name":"wp","href":"https:\/\/api.w.org\/{rel}","templated":true}]}}